p(-8). Let z(u) = 14*u + 5. Give z(a).
5
Let x(v) be the second derivative of v**4/12 - 7*v**3/6 + 9*v**2/2 - 17*v. Let n be x(6). Let a(f) = n*f - 4 - 8*f + 4. Give a(-2).
10
Let g(j) = j**2 - 10*j - 17. Suppose -2*c = 2*w + 34 - 56, 0 = -5*w - c + 55. What is g(w)?
-6
Let d(v) = v**2 - 5. Let q(r) = -5 - 13 + 3 - 15*r - 3 - 3*r**2. Let g be q(-4). Give d(g).
31
Suppose 5*z - 2*j = -15, 496 - 526 = 3*z + 3*j. Let q(h) = -53*h - 271. Give q(z).
-6
Let p = -587 + 830. Let r = p - 249. Let m(j) = -j**3 - 7*j**2 - 3*j + 2. Determine m(r).
-16
Let k(w) = -30*w - 892. Let d be k(-30). Let v(m) = 16*m - 67. What is v(d)?
61
Let n(c) = 16*c - 38. Let r(j) = -53*j + 124. Let x(d) = 13*n(d) + 4*r(d). Determine x(1).
-2
Let s(d) be the third derivative of -23*d**6/120 - d**5/12 - d**4/8 + d**3/6 + 2*d**2 + 2757*d. Give s(-2).
171
Let l(a) be the third derivative of a**5/60 - a**4/6 - 5*a**3/6 + 1455*a**2. Determine l(-6).
55
Let c be ((-6)/8)/(48/(-128)). Let z(m) = -7*m - 5 + m**c - 3 + 0*m**2. Give z(7).
-8
Let q be 24/21*(693/(-18))/(-11). Let c(o) = 20 - 9 + o**2 - q*o - 9 - 2*o**2. Determine c(-5).
-3
Let x(i) be the third derivative of -i**5/30 - 5*i**4/24 - 7*i**3/6 + 3943*i**2. Determine x(-6).
-49
Let i(o) = -o**2 - 4*o**2 + 18 - 19 + 3*o**2 + o**2. Calculate i(-3).
-10
Let f(t) = -t**2 + 3*t - 1. Suppose 4*i - 2 - 2 = 0, 4*k + i - 5 = 0. Suppose -k = -3*z + 23. Suppose b = z - 6. Calculate f(b).
1
Let n be ((-24)/9)/(2 + (-40)/18). Suppose n*v + 25 = -47. Let h(f) = -f**3 - 6*f**2 + 5. Calculate h(v).
5
Let f(a) = 2*a - 26*a**2 + 290*a**2 - 306*a**2 + 1. Give f(1).
-39
Let w(z) = z**3 - z**2 + 1. Let d(a) be the third derivative of -a**6/40 - a**5/30 + a**4/6 + a**3/6 + a**2 + 9*a. Let u(i) = d(i) + 2*w(i). What is u(-5)?
8
Let i(x) be the first derivative of x**3/3 - 2*x**2 + 6*x + 1063. Let j = -2 - -4. Suppose 0*m = j*m - 12. Determine i(m).
18
Suppose 0 = 5*h - 3*u - 651, -19 + 406 = 3*h - 3*u. Let y(b) = -131*b - 48 + h*b + 47. Give y(-4).
-5
Let j(i) be the second derivative of 2*i**3/3 - 11*i**2 + 67547*i. Let l(k) = -4*k - 6. Let n be l(-4). Give j(n).
18
Suppose 5*u + 82 - 552 = 0. Let k(m) = 29 + 31 - u + 2*m + 21. Determine k(6).
-1
Let i(j) = 142*j - 492. Let y(q) = 84*q - 246. Let n(o) = -4*i(o) + 7*y(o). Determine n(-12).
6
Let k(u) = -76*u + 2. Let p be k(0). Let o(m) = -11*m**2 + 21*m + 4. Let h(w) = -5*w**2 + 9*w + 2. Let a(v) = p*o(v) - 5*h(v). Determine a(-3).
34
Let v(n) = 92 - 101 + n**3 - 4*n - 6*n**2 - n**2 + 6*n. Suppose 4*w - 12 = 16. What is v(w)?
5
Let h(q) = q**2 - 6*q - 5. Let t = -252 - -244. Suppose 0 = 5*r - 15, -w - 32 - 20 = 2*r. Let i be w/t - 1 - (-2)/(-8). Calculate h(i).
-5
Let i(n) = n**3 + 4*n**2 + 3*n + 4. Let h = 27 + -35. Let q = -3 - h. Suppose -q*m = 10 + 5. Determine i(m).
4
Let c(g) = 233*g + 19100. Let s be c(-82). Let y(w) be the second derivative of w**5/20 + 7*w**4/12 + 2*w**3/3 - 7*w**2/2 + w. Determine y(s).
5
Let s(q) = -3*q. Suppose 11 + 2 = 13*n. Let w(z) = n - 3*z**2 - 1 + 21*z - 3 + 18*z. Let l be w(13). Give s(l).
9
Let q(i) = i + 11. Let l be q(-6). Let m(w) = -1537*w**2 + 3 + 768*w**2 + 771*w**2 - 5*w. Calculate m(l).
28
Let p(t) = 11*t + 4. Let f be 1*4/((-32)/20)*2. Let s(x) = -14*x - 5. Let l(b) = f*p(b) - 4*s(b). Let o = -4 - -6. Determine l(o).
2
Let g(m) = 14 + 13 + 11*m - 1 - 6 + 2. What is g(-6)?
-44
Let w(z) = -z**2 - 20*z + 47. Let b be w(2). Let q(v) = -7 - b*v + 0*v**3 + v**3 - 4*v + 0*v + 7*v**2 + 8*v. Determine q(-7).
-14
Let l(k) = 28 + 25 - 5*k + 4 - 7 + 35. Calculate l(15).
10
Let x(b) = 2*b. Let s(h) = h**2 - 10*h + 2. Let p be s(10). Suppose -p*r = -5*y + 11, -y + 7 = 3*r - 2. Suppose k + 0 = -r. Calculate x(k).
-4
Let g be (2394/105 - 23)*5. Let q(v) = 6*v**3 + 3*v**2 - 5*v - 8. Determine q(g).
-6
Let q(s) be the second derivative of -s**3/6 + s**2/2 + 98*s. Suppose -k - 5*o = -0*k - 3, 3*o = 2*k - 19. Calculate q(k).
-7
Let v(z) = 4*z**2 + 26*z + 12. Let k be v(-6). Let y(f) be the second derivative of 8*f + 2/3*f**3 + k - 5/12*f**4 + 1/2*f**2 + 1/20*f**5. Give y(3).
-5
Let c(f) = 379 - 97*f**3 + 96*f**3 - 2*f - 420 + 8*f**2. Calculate c(7).
-6
Suppose -2*p + 11 = -4*d + 5, 0 = 5*d. Let h(n) = 0 - 251*n**2 + 14*n**p + 249*n**2 + 1. Suppose 1 = i - 2*i. Determine h(i).
-15
Let d(n) = 3*n**3 + 20*n**2 - 7*n - 3. Let m be 103/(-15)*1 + -11 + 489/45. Determine d(m).
-3
Let w = -79 - -81. Let d(z) = -37*z - 1. Determine d(w).
-75
Let a(t) = 321*t + 11559. Let z be a(-36). Let f(s) be the first derivative of -5 - 2*s - 1/3*s**z - 9/2*s**2. Determine f(-6).
16
Let c(n) = -7*n**2 + 8*n - 5. Suppose 2*z + 4*o = -28, -37 = 2*z - 261*o + 266*o. Determine c(z).
-85
Let i be 1 + 4*232/(-224) + 1/7. Let m(d) = -15*d - 11. What is m(i)?
34
Let j(k) be the third derivative of k**4/6 + 2*k**3/3 - k**2 - 94*k. What is j(-6)?
-20
Let a(v) = -29*v**2 + 88*v - 13. Let z(i) = -13*i**2 + 38*i - 6. Let c(g) = 3*a(g) - 7*z(g). Determine c(1).
5
Suppose 12*z - 17 - 9 = -14*z. Let q(k) be the second derivative of -2/5*k**5 - 1/6*k**4 + 1/3*k**3 - 1/2*k**2 + 0 - 2*k. Give q(z).
-9
Let m(l) = -18*l - 8*l**2 - 2*l**3 + 14*l**2 + 23*l**2 + 8*l**2 - 3. Calculate m(18).
-3
Let q(x) be the second derivative of 0 - 6*x**2 + 1/6*x**3 - 38*x. Calculate q(-10).
-22
Let b(s) = s**3 + s - 6. Let a be b(0). Let j(h) be the second derivative of -h**3/6 - 5*h**2 - 15*h - 247. What is j(a)?
-4
Let j(p) = -35*p**2 + 8239*p**3 - 8238*p**3 + 18*p**2 - 37 + 2*p. Calculate j(17).
-3
Let t(b) = -b**3 + 2*b**2 + 5*b. Let j(u) = -16*u**3 + 25*u**2 + 86*u + 42. Let h(i) = j(i) - 15*t(i). What is h(-5)?
-13
Let d(i) = 3*i**3 + 20*i**2 - 12*i - 10. Let s(c) = 8*c**3 + 57*c**2 - 35*c - 28. Let b(v) = -11*d(v) + 4*s(v). Determine b(7).
-9
Let t(r) = r - 8*r**2 - 1 + r - 5*r + 14*r**2 - 2*r. Give t(2).
13
Let n be ((-4)/8*4 - 6) + 3. Let q(a) be the third derivative of -1/10*a**5 - 1/4*a**4 - 1/120*a**6 + 0*a + 1/6*a**3 + 0 - 6*a**2. Determine q(n).
6
Let d(t) = 67*t**2 + 6 + 67*t**2 - 121*t**2. Let s(h) = 24*h**2 - h + 11. Let y(k) = -5*d(k) + 3*s(k). Determine y(1).
7
Let o(p) be the third derivative of -19*p + 3*p**2 + 1/3*p**4 + 0 - 1/60*p**5 + 5/6*p**3. What is o(6)?
17
Let k(a) = -18*a + 61*a - a**2 + 2*a**2 - 26*a - 1. What is k(-18)?
17
Let p(m) = 5*m**3 - 3*m**3 - 2*m**2 + 12 - m**3 - 9*m - 3*m**2. Let g be p(9). Let x(z) = 254*z - 1 - 1 - g*z. What is x(-9)?
7
Suppose 15*w + 19 = 139. Suppose w*x - 66 = -18. Let n(f) = 4*f - 2 - 3*f + f - 2. Determine n(x).
8
Let d(i) be the second derivative of -i**5/20 - 5*i**4/6 - i**3 + 15*i**2 + 988*i. Determine d(-9).
3
Let t(v) = -11*v - 4. Let a(k) = -37*k + 7*k - 31*k + 24 - 43 + k. Let b(j) = 2*a(j) - 11*t(j). Give b(-6).
0
Let a(f) = -5 + 899*f - 913*f + 0 + 22 + 16. Calculate a(2).
5
Let n(u) = 42*u + 30. Let s be n(4). Let i(l) = s*l + 200*l - 397*l. Let f(a) = -a**3 + 3*a**2 - a - 3. Let v be f(3). Give i(v).
-6
Let j(i) = 6*i**2 + 6*i + 12. Suppose -2*t - 3 = -1. Let s(w) = -18*w - 139. Let r be s(-8). Let d(a) = a**2 + a + 1. Let c(n) = r*d(n) + t*j(n). What is c(0)?
-7
Let o(d) = -11*d**3 - d**2 - 17*d - 31. Let f(c) = -6*c**3 - 9*c - 17. Let r(j) = 9*f(j) - 5*o(j). Determine r(-4).
2
Let k(d) = 3*d**3. Let b be k(1). Let q(i) = -9*i + 1 - 8*i**2 + b*i**2 + 12 + 6*i**2. Let u(c) = -c**2 + 7*c - 12. Let g(y) = 6*q(y) + 7*u(y). Calculate g(-6).
-12
Let l(a) = -3*a - 48*a**2 + 2 + 3*a + 55*a**2 - 12*a**2. Calculate l(-1).
-3
Let h(j) = -j**2 + 7*j + 9. Let s(l) = -l**2 + 8*l + 8. Let u(f) = -2*h(f) + 3*s(f). Let b = 152 - 142. Calculate u(b).
6
Let g(c) = -11 - 10*c + 20*c + 21*c + 10*c - 53*c. Calculate g(-3).
25
Let i(m) be the second derivative of m**3/6 - m**2/2 - 4*m. Suppose 2*w - 23 = -5*u, -w + 4*u - 31 = -4*w. Suppose -w*v = -0*v + 36. Calculate i(v).
-5
Let z(i) = -28*i**2 - 5*i + 29*i**2 + 2 - 5 - 4. Let l(c) = -2*c**2 + 14*c + 20. Let g(k) = 6*l(k) + 17*z(k). Determine g(1).
5
Let x(l) = 2*l**3 + 9*l**2 - 29 - 10*l**2 + 12*l + 52 - 30 - 20*l**2. Give x(10).
13
Let t(b) = 9*b - 2. Let x(k) = -k + 3. Let g be x(2). Let o be t(g). Suppose 5*w + 13 = -o. Let s(c) = -c**2 - 2*c + 2. What is s(w)?
-6
Let v(o) = 10*o**2 - 2*o + 4. Suppose 2*p - 10 = -2*x, -43*p + 46*p - 6 = 0. What is v(x)?
88
Let i(j) = -j**3 + 9*j**2 - 11*j + 6. Suppose 5*p + 0 = -2*y